*2 + 5*k - 6. Let i be j(-6). Suppose i = 5*h + 10, 4*h = x - 36. Calculate the remainder when x is divided by 10.
8
Let z(l) = -l**3 + 8*l**2 + l - 4. Let a be z(8). Suppose 5 + 62 = 5*y + 2*i, -2*i = -a*y + 50. Calculate the remainder when y is divided by 7.
6
Suppose 21*w = 18*w + 33. What is the remainder when 15 is divided by w?
4
Suppose z + z - 54 = 0. Suppose -w = 2*w - z. What is the remainder when 16 is divided by w?
7
Let y(o) = o**2 - 5*o + 12. What is the remainder when 290/14 - (-6)/21 is divided by y(5)?
9
Suppose -71*i + 20 = -67*i. Calculate the remainder when 18 is divided by i.
3
Let c = 1 - -4. Suppose q + 2*x + 0*x + 12 = 0, -10 = -c*x. What is the remainder when -2 + 1 - (q - 1) is divided by 6?
4
What is the remainder when (-5 + 657/12)*4*1 is divided by 20?
19
Let c(u) = -2*u + 34. Calculate the remainder when 180 is divided by c(10).
12
Let i = 3 + -1. Let g be i/4 + 15/6. Suppose -u + g = -18. Calculate the remainder when 61 is divided by u.
19
Let i(b) = b**3 + b**2 + b + 19. Calculate the remainder when 54 is divided by i(0).
16
Suppose -57 + 10 = -q + 5*j, 17 = q + j. Let x(m) = -m**2 - 8*m. Calculate the remainder when q is divided by x(-6).
10
Let o = -35 - 50. Let t = 61 + o. Let z = -13 - t. What is the remainder when 32 is divided by z?
10
Let w = 42 - 25. Calculate the remainder when 32 is divided by w.
15
Let v be 7*(32/14)/4. Let a be (-20)/(-6) - 4/(-6). Suppose -a*x - 1 = -3*x - v*l, -3*x - 3*l = -57. What is the remainder when x is divided by 8?
7
Calculate the remainder when 29 is divided by 34/4 + 3/(-6).
5
Let x = -134 + 169. What is the remainder when 171 is divided by x?
31
Suppose x + 4*h - 2*h = 13, -3*x + 2*h - 1 = 0. Suppose -o = -1 - 0, x*m = -4*o + 16. Calculate the remainder when 10 is divided by m.
2
Let z(h) = -h**3 - 7*h**2 + h + 8. Calculate the remainder when (3/(-2))/((-9)/12) is divided by z(-7).
0
Suppose -8*d + 195 = -3*d. What is the remainder when d is divided by 10?
9
Suppose 0*d + 6 = 2*d. Calculate the remainder when 7 is divided by d.
1
Let f = 26 - 2. What is the remainder when f is divided by 7?
3
Let h = 11 - 14. Calculate the remainder when 85 + (h - 3)/2 is divided by 21.
19
Let c(g) = g**3 - 2*g**2 + g. Let x be 2/1 - 2/(-2). Suppose -12*b = 39 - 123. What is the remainder when c(x) is divided by b?
5
Let w be 4/14 + 12/7. Suppose c = w*c - 3. Calculate the remainder when c is divided by 3.
0
Let k(r) = 6*r - 2 - r - r**2 + 0. Let p be k(4). Suppose -p = i - 18. What is the remainder when 47 is divided by i?
15
Let t(q) = 21*q**3 - q + 1. Let n = 2 + -1. Let y be t(n). Suppose 0 = -2*v - 5 + y. What is the remainder when 15 is divided by v?
7
Calculate the remainder when -1 + (-1 - (-1 + -39)) is divided by 8/24 - (-118)/6.
18
Suppose 26 = 2*r + f, -3*f + 8 = -5*r + 62. Let g(l) = 3*l - 4. Let n be g(4). Let x = r - n. What is the remainder when x is divided by 2?
0
Let h(g) = -2*g + 4. Let p be h(0). Suppose -p*v + 3*y - 16 + 208 = 0, 0 = 4*v - 5*y - 200. What is the remainder when v is divided by 16?
13
Let m(c) be the second derivative of c**4/12 - 3*c**2 + 3*c. Calculate the remainder when 37 is divided by m(4).
7
Suppose -2*o + 10 = 0, -5*x + 3*o + 19 = -26. Let r = -9 + x. Suppose -2*t + 8 = -t. What is the remainder when t is divided by r?
2
Suppose -4*g + 38 = 5*n, -4*n + 34 - 3 = 3*g. Let x = 55 - 16. Calculate the remainder when x is divided by n.
9
What is the remainder when -3 + (8 + -5 - 2*-15) is divided by 16?
14
Let u = -69 + 154. Calculate the remainder when u is divided by 22.
19
Let f = -7 - -10. Suppose 2*m + 2 = -2*d, -3*m - f*d = -d. Suppose -2*s - y + 13 = m*y, -y + 9 = 3*s. Calculate the remainder when 4 is divided by s.
0
Let v be 1/((2 - 4)/36). Let a be (-94)/v + 4/(-18). Suppose 23 = a*r - 57. Calculate the remainder when r is divided by 9.
7
Suppose 2*q - 4 = 6. Suppose -2*o = -o - 2*x - 20, -3*o + q = 5*x. Suppose -4*m + 42 = -o. What is the remainder when 23 is divided by m?
10
Let a(d) = d**3 + 6*d**2 + d + 18. What is the remainder when 59 is divided by a(-6)?
11
Suppose -5*k = i - 104, 3*k + 7*i - 59 = 3*i. Calculate the remainder when 59 is divided by k.
17
Let o = 116 - 30. What is the remainder when o is divided by 29?
28
Let m = -57 + 116. What is the remainder when m is divided by 21?
17
Suppose 3*x = 4*x. Suppose x*w - 56 = 2*w. Let t = w + 58. What is the remainder when t is divided by 8?
6
Let p(q) = q**2 + 72. Let v be p(0). Suppose r - v = -5*j, 4*r - 3*j - 163 = 2*j. Calculate the remainder when r is divided by 24.
23
Let f = 72 - 45. Suppose 4*i + f = -2*l - 25, -5*i - 56 = -2*l. Let w = i - -52. What is the remainder when w is divided by 14?
12
Suppose -3*g = l - 96, -4*l + 235 = 5*g + 68. Let p = g - 8. What is the remainder when p is divided by 6?
5
Let t = -1 - -3. Suppose 0*b + 47 = 3*b - m, -2*b + t*m = -34. Calculate the remainder when 28 is divided by b.
13
Let g(b) = b**3 + 6*b**2 - 2*b + 1. Suppose i + 3 = 2*p - 0, 0 = i + 5*p - 32. Calculate the remainder when g(-6) is divided by i.
6
Let c(p) = 3*p**2 + 6*p - 7. Let z(m) = -15*m + 2. Calculate the remainder when z(-2) is divided by c(2).
15
Let r = 26 + -14. Suppose -2*t + r = -48. What is the remainder when t is divided by 11?
8
Calculate the remainder when 42 is divided by 15 + (-42)/11 + 10/(-55).
9
Let p = -39 + 45. What is the remainder when 18 is divided by p?
0
Let i = -5 - -9. What is the remainder when i is divided by 2?
0
Let r be 1/(-3) + 492/18. Suppose -l + r = -0*l. Calculate the remainder when 52 is divided by l.
25
Let c = -189 - -202. Suppose -116 = -3*v - x, 8 = 3*x + 2. Calculate the remainder when v is divided by c.
12
Suppose -5*l - 430 = a - 6*a, -2*l - 85 = -a. Calculate the remainder when a is divided by 45.
42
Suppose 0 = y - 0*y - 47. Suppose 2*s - 24 = 2*v, 0 = 5*v + s + y - 11. Let u = -3 - v. What is the remainder when u is divided by 2?
1
Let s = 97 - 53. Calculate the remainder when s is divided by 12.
8
Suppose 0 = -2*d - 2*b - 14, 0*b - 2*b = 4*d + 26. Calculate the remainder when 23 is divided by 3/(4/d + 1).
5
Suppose -23 + 77 = 2*x. Suppose -i + 5*w = -4*i + 20, -3*i - 4*w + 25 = 0. Calculate the remainder when x is divided by i.
12
Suppose -4*j + 4*c = -c - 138, -j + 22 = 5*c. Suppose 0 = -g + j - 4. Calculate the remainder when g is divided by 10.
8
Suppose 10*b - 20 = 5*b. Suppose 0*z + b*z - 168 = 0. What is the remainder when z is divided by 11?
9
Suppose 2*j + j + 42 = 0. Let k be 23 - ((2 - 2) + 0). Let z = k + j. Calculate the remainder when 26 is divided by z.
8
Let y = 77 - 50. Suppose 4*i - 6*m + m = 25, 3*i + m = -5. Suppose -3*b + y = -i*b. What is the remainder when 25 is divided by b?
7
Suppose k = 3*k + b - 10, 25 = 5*k + 5*b. What is the remainder when (-48)/9*3/(-2) is divided by k?
3
Let y(l) = -l**2 - 3*l + 1. Let c be y(-5). What is the remainder when 18/4 - c/18 is divided by 4?
1
Let q(d) = d**3 + 10*d**2 + 9*d - 3. Let t be q(-9). Let u = t - 1. Calculate the remainder when 25 is divided by (-63)/(-5) + u/(-10).
12
Let q(m) = m**2 - 7*m + 9. Let f be q(6). Suppose -5*b + f*b = -14. Calculate the remainder when 12 is divided by b.
5
Suppose -8*w + 166 = -114. What is the remainder when w is divided by 12?
11
Suppose -255 = 6*v - 927. Let i be 2/(-6) + (-170)/3. Let d = i + v. What is the remainder when d is divided by 19?
17
Suppose -14 = -g + 5*h + 24, 0 = 3*g - 4*h - 114. Suppose -5*a - 44 = -4*o + o, -3*o - 4*a = -35. What is the remainder when g is divided by o?
12
Suppose 2*u + 0 = 100. Calculate the remainder when u is divided by 13.
11
What is the remainder when 38 is divided by (8/(-3) - 0)*210/(-56)?
8
Let z = -70 - -108. Calculate the remainder when 111 is divided by z.
35
Let c(p) = p**2 - p + 17. What is the remainder when c(7) is divided by 20?
19
Let t be (-6)/(-14) - 52789/(-77). Calculate the remainder when 4/(-6) - t/(-21) is divided by (-2)/4 + (-46)/(-4).
10
Let t be 1 + -1 + 1 + -1. Suppose 4*h + t*h = 252. What is the remainder when h is divided by 16?
15
Let m = 2 - 4. Let o = m + 19. What is the remainder when o is divided by 9?
8
Suppose 0*y + 24 = -3*y. Let g(b) = -b**3 - 8*b**2 + 2. Let l be g(y). Calculate the remainder when l/(-4) - (-54)/4 is divided by 7.
6
Suppose 5*n - 1